{"id":802,"date":"2016-10-14T06:51:45","date_gmt":"2016-10-14T06:51:45","guid":{"rendered":"http:\/\/www.agritek.co.nz\/?page_id=802"},"modified":"2022-11-18T10:53:02","modified_gmt":"2022-11-18T10:53:02","slug":"bio-sustain","status":"publish","type":"page","link":"http:\/\/agritek.co.nz\/spanish\/bio-sustain\/","title":{"rendered":"Bio-Sustain\u2122"},"content":{"rendered":"<p><strong>Bio-Sustain\u2122<\/strong><br \/>\nBio-Sustain\u2122 es un producto l\u00edquido biol\u00f3gico del suelo que transforma el suelo empobrecido en suelo saludable. Este complejo biofertilizante y enmienda para el suelo est\u00e1 certificado como org\u00e1nico y contiene una alta concentraci\u00f3n de microorganismos beneficiosos que se multiplican r\u00e1pidamente en el suelo. Estos microorganismos producen NPK y minerales para las plantas y ayudan a reconstruir la salud del suelo. Bio-Sustain \u2122 es un sistema microbiano completo compuesto por bacterias y hongos beneficiosos para el suelo, nutrientes esenciales para las plantas, oligoelementos y \u00e1cidos h\u00famicos.<\/p>\n<p>Bio-Sustain se centra en el valor biol\u00f3gico, org\u00e1nico y de nutrientes de su suelo. Construye sistemas vitales en la estructura del suelo creando un entorno de crecimiento m\u00e1s saludable para el crecimiento de las plantas. Bio-Sustain est\u00e1 hecho de abono de aves de corral org\u00e1nico compostado, vermicompost, carbono, ingredientes naturales y una microbiolog\u00eda especializada.<\/p>\n<p>Cuando aplica Bio-Sustain, la salud biol\u00f3gica del suelo mejora, los minerales se vuelven m\u00e1s accesibles para las plantas y la absorci\u00f3n de nutrientes aumenta hasta en un 300%, y la utilizaci\u00f3n de nitr\u00f3geno aumenta hasta en un 75%. La volitizaci\u00f3n de la utilizaci\u00f3n de nitr\u00f3geno (escape gaseoso) se reduce en gran medida, y la lixiviaci\u00f3n (escurrimiento y filtraci\u00f3n en el nivel fre\u00e1tico) casi se elimina. Hacer que el ecosistema del suelo sea saludable alivia el estr\u00e9s en las plantas de todo tipo, y les permite usar su propio sistema inmunol\u00f3gico para evitar las plagas y enfermedades predatorias.<\/p>\n<h4><strong>Tecnolog\u00eda insuperable:<\/strong><\/h4>\n<p>Bio-Sustain\u2122 es un producto natural certificado org\u00e1nico, formulado espec\u00edficamente para aumentar la actividad biol\u00f3gica en la rizosfera y restaurar un sistema de ra\u00edces productivo para las plantas en dificultades. Bio-Sustain \u2122 tambi\u00e9n es un bioplaguicida f\u00fangico y bacteriano que ayuda a controlar los pat\u00f3genos y enfermedades de las plantas.<\/p>\n<h4><strong>\u00bfC\u00f3mo funciona Bio-Sustain?<\/strong><\/h4>\n<p>El proceso comienza con bacterias seleccionadas espec\u00edficamente que se han aislado de suelos altamente f\u00e9rtiles y exhiben capacidades \u00f3ptimas para producir enzimas y otros nutrientes org\u00e1nicos.<\/p>\n<p>Las bacterias se seleccionan para lograr la m\u00e1xima adaptabilidad, de modo que sean efectivas en muchas condiciones diferentes del suelo y proporcionen capacidades \u00fanicas para reparar el nitr\u00f3geno natural (atmosf\u00e9rico) y el nitr\u00f3geno sint\u00e9tico (qu\u00edmico) suministrado por los fertilizantes. Cuando se aplica Bio-Sustain al suelo, las bacterias aut\u00f3ctonas se multiplican y crecen muy r\u00e1pidamente.<\/p>\n<p>A medida que mejora la salud biol\u00f3gica del suelo, los minerales se vuelven m\u00e1s accesibles para las plantas y la absorci\u00f3n de nutrientes aumenta en un 200-300%, y la utilizaci\u00f3n de nitr\u00f3geno aumenta en un 50-75%. La disipaci\u00f3n de nitr\u00f3geno (escape gaseoso) se reduce en gran medida, y la lixiviaci\u00f3n (escurrimiento y filtraci\u00f3n en el nivel fre\u00e1tico) casi se elimina.<\/p>\n<p>Aumentar el contenido biol\u00f3gico del ecosistema de los suelos hace que el suelo sea m\u00e1s permeable, permitiendo que el suelo absorba m\u00e1s agua y poblaciones sanas de microorganismos metabolizan fertilizantes y nutrientes que han permanecido sin usar en los campos durante a\u00f1os, haciendo que estos nutrientes est\u00e9n disponibles para las plantas que crecen actualmente.<\/p>\n<p>Cuando las bacterias digieren y metabolizan los fertilizantes en el campo, los fertilizantes se mantienen fuera de nuestros recursos h\u00eddricos y se entregan donde corresponde a la planta. Menos fertilizante qu\u00edmico residual en el suelo significa menos toxinas que llegan a nuestros recursos h\u00eddricos.<\/p>\n<p>Hacer que el ecosistema del suelo sea saludable alivia el estr\u00e9s en las plantas de todo tipo y les permite utilizar su propio sistema inmunol\u00f3gico para evitar las hierbas depredadoras (malas hierbas) y las plagas (insectos), lo que reduce los requisitos de entrada de herbicidas y pesticidas y los costos.<\/p>\n<p><strong>\u00bfPor qu\u00e9 usar Bio-Sustain en sus cultivos?<\/strong><br \/>\nDesafortunadamente, hoy en d\u00eda, muchos suelos est\u00e1n muy desequilibrados y carecen de poblaciones microbianas beneficiosas. Esto se debe principalmente a una dependencia excesiva de pesticidas y <a href=\"https:\/\/agritek.co.nz\/spanish\/nuestra-tienda\/\">fertilizantes<\/a> inorg\u00e1nicos, ya que ambos afectan negativamente el delicado equilibrio microbiano que se encuentra en los perfiles de suelos saludables. Bio-Sustain fue formulado espec\u00edficamente para restablecer estas poblaciones microbianas beneficiosas y proporcionar al suelo los componentes necesarios para promover el crecimiento vigoroso de las plantas.<\/p>\n<p><strong>\u00bfPor qu\u00e9 se requieren aplicaciones repetidas?<\/strong><br \/>\nEn ciertas \u00e9pocas del a\u00f1o, las plantas que sostienen el suelo requieren una mayor actividad biol\u00f3gica para cultivar plantas sanas. Esto incluye la fase de establecimiento, la fase de floraci\u00f3n, el estr\u00e9s de la planta y cuando las condiciones del entorno favorecen la enfermedad (calor, humedad, alta humedad). Siempre es recomendable aumentar la actividad biol\u00f3gica con una inyecci\u00f3n adicional de <a href=\"https:\/\/infoagro.com\/hortalizas\/microorganismos_beneficiosos_cultivos.htm\">organismos beneficiosos<\/a>.<\/p>\n<h4><strong>Beneficios de Bio-Sustain:<\/strong><\/h4>\n<p>* Aumentar el rendimiento del cultivo y la calidad del producto.<br \/>\n* Aumenta r\u00e1pidamente la actividad microbiana para un suelo saludable.<br \/>\n* Reconstruye el sistema inmune de la planta.<br \/>\n* Fomentar un crecimiento m\u00e1s r\u00e1pido de la ra\u00edz para la absorci\u00f3n de agua y nutrientes.<br \/>\n* Aumenta la resistencia natural a plagas y enfermedades.<br \/>\n* Ayuda a liberar nutrientes y minerales en el suelo.<br \/>\n* Reduce el uso de pesticidas y fertilizantes qu\u00edmicos.<br \/>\n* Mejore la coloraci\u00f3n, el aspecto y la vida \u00fatil de frutas y verduras perecederas.<br \/>\n* Seguro para el medio ambiente, certificado org\u00e1nico y 100% natural.<br \/>\n* Se puede aplicar a trav\u00e9s de cualquier sistema de riego o directamente al suelo.<br \/>\n* Rentable y f\u00e1cil de usar.<\/p>\n<h4><strong>M\u00e1s beneficios para el cultivo y el suelo:<\/strong><\/h4>\n<p>* Incrementa la disponibilidad de nitr\u00f3geno de la planta &#8211; nitrato (NO3-) y amonio (NH4 +)<br \/>\n* Aumentar la utilizaci\u00f3n de nitr\u00f3geno atmosf\u00e9rico.<br \/>\n* Aumenta la disponibilidad de fosfato (P2O5)<br \/>\n* Mobiliza el exceso de potasa en el suelo.<br \/>\n* Aumenta la disponibilidad de nutrientes para plantar, incluyendo Mn, Mg, Fe, Mo, B, Zn y Cu.<br \/>\n* Fomentar un crecimiento m\u00e1s r\u00e1pido de la ra\u00edz para la absorci\u00f3n de agua y nutrientes.<br \/>\n* Aumenta la tolerancia a la sequ\u00eda debido al r\u00e1pido desarrollo celular en las plantas.<br \/>\n* Mejora las propiedades f\u00edsicas y qu\u00edmicas del suelo con aireaci\u00f3n y retenci\u00f3n de agua<br \/>\n* Acelera la descomposici\u00f3n de la materia seca creando una valiosa fuente de carbono.<br \/>\n* Ayuda a liberar y disipar qu\u00edmicos y otros nutrientes en el suelo.<br \/>\n* Aumenta la germinaci\u00f3n de la semilla a trav\u00e9s del remojo de la semilla.<br \/>\n* Puede usarse en cualquier tipo de planta, cultivo, flor o vegetal en casi cualquier situaci\u00f3n.<br \/>\n* Seguro, no t\u00f3xico para los humanos, las plantas, los animales y el medio ambiente.<\/p>\n<p>&nbsp;<\/p>\n<p><img decoding=\"async\" class=\"alignnone size-medium wp-image-2302\" src=\"http:\/\/agritek.co.nz\/spanish\/wp-content\/uploads\/2022\/11\/Bio-Sustain-98x300.png\" alt=\"\" width=\"98\" height=\"300\" srcset=\"http:\/\/agritek.co.nz\/spanish\/wp-content\/uploads\/2022\/11\/Bio-Sustain-98x300.png 98w, http:\/\/agritek.co.nz\/spanish\/wp-content\/uploads\/2022\/11\/Bio-Sustain.png 141w\" sizes=\"(max-width: 98px) 100vw, 98px\" \/><\/p>\n<p><img fetchpriority=\"high\" decoding=\"async\" class=\"alignnone size-medium wp-image-2303\" src=\"http:\/\/agritek.co.nz\/spanish\/wp-content\/uploads\/2022\/11\/Agritek_Drum-Final-e1667894794767-300x300.png\" alt=\"\" width=\"300\" height=\"300\" srcset=\"http:\/\/agritek.co.nz\/spanish\/wp-content\/uploads\/2022\/11\/Agritek_Drum-Final-e1667894794767.png 300w, http:\/\/agritek.co.nz\/spanish\/wp-content\/uploads\/2022\/11\/Agritek_Drum-Final-e1667894794767-150x150.png 150w, http:\/\/agritek.co.nz\/spanish\/wp-content\/uploads\/2022\/11\/Agritek_Drum-Final-e1667894794767-100x100.png 100w\" sizes=\"(max-width: 300px) 100vw, 300px\" \/><\/p>\n<p>&nbsp;<\/p>\n","protected":false},"excerpt":{"rendered":"<p>Bio-Sustain\u2122 Bio-Sustain\u2122 es un producto l\u00edquido biol\u00f3gico del suelo que transforma el suelo empobrecido en suelo saludable. Este complejo biofertilizante y enmienda para el suelo est\u00e1 certificado como org\u00e1nico y contiene una alta concentraci\u00f3n de microorganismos beneficiosos que se multiplican r\u00e1pidamente en el suelo. Estos microorganismos producen NPK y minerales para las plantas y ayudan [&hellip;]<\/p>\n","protected":false},"author":1,"featured_media":2302,"parent":0,"menu_order":0,"comment_status":"open","ping_status":"open","template":"","meta":{"_acf_changed":false,"footnotes":""},"class_list":["post-802","page","type-page","status-publish","has-post-thumbnail","hentry"],"acf":[],"yoast_head":"<!-- This site is optimized with the Yoast SEO plugin v27.2 - https:\/\/yoast.com\/product\/yoast-seo-wordpress\/ -->\n<title>Bio-Sustain\u2122 - Agritek Sustainable Solutions | Nueva Zelanda<\/title>\n<meta name=\"description\" content=\"Bio-Sustain\u2122 es un biofertilizante microbiano l\u00edquido, alimento para plantas y enmienda del suelo en una soluci\u00f3n f\u00e1cil de usar.\" \/>\n<meta name=\"robots\" content=\"index, follow, max-snippet:-1, max-image-preview:large, max-video-preview:-1\" \/>\n<link rel=\"canonical\" href=\"https:\/\/agritek.co.nz\/spanish\/bio-sustain\/\" \/>\n<meta property=\"og:locale\" content=\"en_US\" \/>\n<meta property=\"og:type\" content=\"article\" \/>\n<meta property=\"og:title\" content=\"Bio-Sustain\u2122 - Agritek Sustainable Solutions | Nueva Zelanda\" \/>\n<meta property=\"og:description\" content=\"Bio-Sustain\u2122 es un biofertilizante microbiano l\u00edquido, alimento para plantas y enmienda del suelo en una soluci\u00f3n f\u00e1cil de usar.\" \/>\n<meta property=\"og:url\" content=\"https:\/\/agritek.co.nz\/spanish\/bio-sustain\/\" \/>\n<meta property=\"og:site_name\" content=\"Agritek\" \/>\n<meta property=\"article:publisher\" content=\"https:\/\/www.facebook.com\/agriteknz\/\" \/>\n<meta property=\"article:modified_time\" content=\"2022-11-18T10:53:02+00:00\" \/>\n<meta property=\"og:image\" content=\"https:\/\/agritek.co.nz\/spanish\/wp-content\/uploads\/2022\/11\/Bio-Sustain.png\" \/>\n\t<meta property=\"og:image:width\" content=\"141\" \/>\n\t<meta property=\"og:image:height\" content=\"432\" \/>\n\t<meta property=\"og:image:type\" content=\"image\/png\" \/>\n<meta name=\"twitter:card\" content=\"summary_large_image\" \/>\n<meta name=\"twitter:label1\" content=\"Est. reading time\" \/>\n\t<meta name=\"twitter:data1\" content=\"5 minutes\" \/>\n<script type=\"application\/ld+json\" class=\"yoast-schema-graph\">{\"@context\":\"https:\/\/schema.org\",\"@graph\":[{\"@type\":\"WebPage\",\"@id\":\"https:\/\/agritek.co.nz\/spanish\/bio-sustain\/\",\"url\":\"https:\/\/agritek.co.nz\/spanish\/bio-sustain\/\",\"name\":\"Bio-Sustain\u2122 - Agritek Sustainable Solutions | Nueva Zelanda\",\"isPartOf\":{\"@id\":\"https:\/\/agritek.co.nz\/spanish\/#website\"},\"primaryImageOfPage\":{\"@id\":\"https:\/\/agritek.co.nz\/spanish\/bio-sustain\/#primaryimage\"},\"image\":{\"@id\":\"https:\/\/agritek.co.nz\/spanish\/bio-sustain\/#primaryimage\"},\"thumbnailUrl\":\"http:\/\/agritek.co.nz\/spanish\/wp-content\/uploads\/2022\/11\/Bio-Sustain.png\",\"datePublished\":\"2016-10-14T06:51:45+00:00\",\"dateModified\":\"2022-11-18T10:53:02+00:00\",\"description\":\"Bio-Sustain\u2122 es un biofertilizante microbiano l\u00edquido, alimento para plantas y enmienda del suelo en una soluci\u00f3n f\u00e1cil de usar.\",\"breadcrumb\":{\"@id\":\"https:\/\/agritek.co.nz\/spanish\/bio-sustain\/#breadcrumb\"},\"inLanguage\":\"en-US\",\"potentialAction\":[{\"@type\":\"ReadAction\",\"target\":[\"https:\/\/agritek.co.nz\/spanish\/bio-sustain\/\"]}]},{\"@type\":\"ImageObject\",\"inLanguage\":\"en-US\",\"@id\":\"https:\/\/agritek.co.nz\/spanish\/bio-sustain\/#primaryimage\",\"url\":\"http:\/\/agritek.co.nz\/spanish\/wp-content\/uploads\/2022\/11\/Bio-Sustain.png\",\"contentUrl\":\"http:\/\/agritek.co.nz\/spanish\/wp-content\/uploads\/2022\/11\/Bio-Sustain.png\",\"width\":141,\"height\":432,\"caption\":\"Bio-Sustain\u2122\"},{\"@type\":\"BreadcrumbList\",\"@id\":\"https:\/\/agritek.co.nz\/spanish\/bio-sustain\/#breadcrumb\",\"itemListElement\":[{\"@type\":\"ListItem\",\"position\":1,\"name\":\"Home\",\"item\":\"https:\/\/agritek.co.nz\/spanish\/\"},{\"@type\":\"ListItem\",\"position\":2,\"name\":\"Bio-Sustain\u2122\"}]},{\"@type\":\"WebSite\",\"@id\":\"https:\/\/agritek.co.nz\/spanish\/#website\",\"url\":\"https:\/\/agritek.co.nz\/spanish\/\",\"name\":\"Agritek\",\"description\":\"Soluciones Sostenibles\",\"publisher\":{\"@id\":\"https:\/\/agritek.co.nz\/spanish\/#organization\"},\"potentialAction\":[{\"@type\":\"SearchAction\",\"target\":{\"@type\":\"EntryPoint\",\"urlTemplate\":\"https:\/\/agritek.co.nz\/spanish\/?s={search_term_string}\"},\"query-input\":{\"@type\":\"PropertyValueSpecification\",\"valueRequired\":true,\"valueName\":\"search_term_string\"}}],\"inLanguage\":\"en-US\"},{\"@type\":\"Organization\",\"@id\":\"https:\/\/agritek.co.nz\/spanish\/#organization\",\"name\":\"Agritek\",\"url\":\"https:\/\/agritek.co.nz\/spanish\/\",\"logo\":{\"@type\":\"ImageObject\",\"inLanguage\":\"en-US\",\"@id\":\"https:\/\/agritek.co.nz\/spanish\/#\/schema\/logo\/image\/\",\"url\":\"https:\/\/agritek.co.nz\/spanish\/wp-content\/uploads\/2017\/12\/logo-1.png\",\"contentUrl\":\"https:\/\/agritek.co.nz\/spanish\/wp-content\/uploads\/2017\/12\/logo-1.png\",\"width\":317,\"height\":115,\"caption\":\"Agritek\"},\"image\":{\"@id\":\"https:\/\/agritek.co.nz\/spanish\/#\/schema\/logo\/image\/\"},\"sameAs\":[\"https:\/\/www.facebook.com\/agriteknz\/\"]}]}<\/script>\n<!-- \/ Yoast SEO plugin. -->","yoast_head_json":{"title":"Bio-Sustain\u2122 - Agritek Sustainable Solutions | Nueva Zelanda","description":"Bio-Sustain\u2122 es un biofertilizante microbiano l\u00edquido, alimento para plantas y enmienda del suelo en una soluci\u00f3n f\u00e1cil de usar.","robots":{"index":"index","follow":"follow","max-snippet":"max-snippet:-1","max-image-preview":"max-image-preview:large","max-video-preview":"max-video-preview:-1"},"canonical":"https:\/\/agritek.co.nz\/spanish\/bio-sustain\/","og_locale":"en_US","og_type":"article","og_title":"Bio-Sustain\u2122 - Agritek Sustainable Solutions | Nueva Zelanda","og_description":"Bio-Sustain\u2122 es un biofertilizante microbiano l\u00edquido, alimento para plantas y enmienda del suelo en una soluci\u00f3n f\u00e1cil de usar.","og_url":"https:\/\/agritek.co.nz\/spanish\/bio-sustain\/","og_site_name":"Agritek","article_publisher":"https:\/\/www.facebook.com\/agriteknz\/","article_modified_time":"2022-11-18T10:53:02+00:00","og_image":[{"width":141,"height":432,"url":"https:\/\/agritek.co.nz\/spanish\/wp-content\/uploads\/2022\/11\/Bio-Sustain.png","type":"image\/png"}],"twitter_card":"summary_large_image","twitter_misc":{"Est. reading time":"5 minutes"},"schema":{"@context":"https:\/\/schema.org","@graph":[{"@type":"WebPage","@id":"https:\/\/agritek.co.nz\/spanish\/bio-sustain\/","url":"https:\/\/agritek.co.nz\/spanish\/bio-sustain\/","name":"Bio-Sustain\u2122 - Agritek Sustainable Solutions | Nueva Zelanda","isPartOf":{"@id":"https:\/\/agritek.co.nz\/spanish\/#website"},"primaryImageOfPage":{"@id":"https:\/\/agritek.co.nz\/spanish\/bio-sustain\/#primaryimage"},"image":{"@id":"https:\/\/agritek.co.nz\/spanish\/bio-sustain\/#primaryimage"},"thumbnailUrl":"http:\/\/agritek.co.nz\/spanish\/wp-content\/uploads\/2022\/11\/Bio-Sustain.png","datePublished":"2016-10-14T06:51:45+00:00","dateModified":"2022-11-18T10:53:02+00:00","description":"Bio-Sustain\u2122 es un biofertilizante microbiano l\u00edquido, alimento para plantas y enmienda del suelo en una soluci\u00f3n f\u00e1cil de usar.","breadcrumb":{"@id":"https:\/\/agritek.co.nz\/spanish\/bio-sustain\/#breadcrumb"},"inLanguage":"en-US","potentialAction":[{"@type":"ReadAction","target":["https:\/\/agritek.co.nz\/spanish\/bio-sustain\/"]}]},{"@type":"ImageObject","inLanguage":"en-US","@id":"https:\/\/agritek.co.nz\/spanish\/bio-sustain\/#primaryimage","url":"http:\/\/agritek.co.nz\/spanish\/wp-content\/uploads\/2022\/11\/Bio-Sustain.png","contentUrl":"http:\/\/agritek.co.nz\/spanish\/wp-content\/uploads\/2022\/11\/Bio-Sustain.png","width":141,"height":432,"caption":"Bio-Sustain\u2122"},{"@type":"BreadcrumbList","@id":"https:\/\/agritek.co.nz\/spanish\/bio-sustain\/#breadcrumb","itemListElement":[{"@type":"ListItem","position":1,"name":"Home","item":"https:\/\/agritek.co.nz\/spanish\/"},{"@type":"ListItem","position":2,"name":"Bio-Sustain\u2122"}]},{"@type":"WebSite","@id":"https:\/\/agritek.co.nz\/spanish\/#website","url":"https:\/\/agritek.co.nz\/spanish\/","name":"Agritek","description":"Soluciones Sostenibles","publisher":{"@id":"https:\/\/agritek.co.nz\/spanish\/#organization"},"potentialAction":[{"@type":"SearchAction","target":{"@type":"EntryPoint","urlTemplate":"https:\/\/agritek.co.nz\/spanish\/?s={search_term_string}"},"query-input":{"@type":"PropertyValueSpecification","valueRequired":true,"valueName":"search_term_string"}}],"inLanguage":"en-US"},{"@type":"Organization","@id":"https:\/\/agritek.co.nz\/spanish\/#organization","name":"Agritek","url":"https:\/\/agritek.co.nz\/spanish\/","logo":{"@type":"ImageObject","inLanguage":"en-US","@id":"https:\/\/agritek.co.nz\/spanish\/#\/schema\/logo\/image\/","url":"https:\/\/agritek.co.nz\/spanish\/wp-content\/uploads\/2017\/12\/logo-1.png","contentUrl":"https:\/\/agritek.co.nz\/spanish\/wp-content\/uploads\/2017\/12\/logo-1.png","width":317,"height":115,"caption":"Agritek"},"image":{"@id":"https:\/\/agritek.co.nz\/spanish\/#\/schema\/logo\/image\/"},"sameAs":["https:\/\/www.facebook.com\/agriteknz\/"]}]}},"_links":{"self":[{"href":"http:\/\/agritek.co.nz\/spanish\/wp-json\/wp\/v2\/pages\/802","targetHints":{"allow":["GET"]}}],"collection":[{"href":"http:\/\/agritek.co.nz\/spanish\/wp-json\/wp\/v2\/pages"}],"about":[{"href":"http:\/\/agritek.co.nz\/spanish\/wp-json\/wp\/v2\/types\/page"}],"author":[{"embeddable":true,"href":"http:\/\/agritek.co.nz\/spanish\/wp-json\/wp\/v2\/users\/1"}],"replies":[{"embeddable":true,"href":"http:\/\/agritek.co.nz\/spanish\/wp-json\/wp\/v2\/comments?post=802"}],"version-history":[{"count":7,"href":"http:\/\/agritek.co.nz\/spanish\/wp-json\/wp\/v2\/pages\/802\/revisions"}],"predecessor-version":[{"id":2329,"href":"http:\/\/agritek.co.nz\/spanish\/wp-json\/wp\/v2\/pages\/802\/revisions\/2329"}],"wp:featuredmedia":[{"embeddable":true,"href":"http:\/\/agritek.co.nz\/spanish\/wp-json\/wp\/v2\/media\/2302"}],"wp:attachment":[{"href":"http:\/\/agritek.co.nz\/spanish\/wp-json\/wp\/v2\/media?parent=802"}],"curies":[{"name":"wp","href":"https:\/\/api.w.org\/{rel}","templated":true}]}}