{"id":1291,"date":"2017-12-22T23:07:00","date_gmt":"2017-12-22T23:07:00","guid":{"rendered":"http:\/\/agritek.co.nz\/spanish\/?page_id=1291"},"modified":"2022-11-18T11:24:09","modified_gmt":"2022-11-18T11:24:09","slug":"cursos-de-golf","status":"publish","type":"page","link":"http:\/\/agritek.co.nz\/spanish\/cursos-de-golf\/","title":{"rendered":"Cursos de Golf"},"content":{"rendered":"<div id=\"destText\" class=\"textArea\">\n<div><span id=\"noHighlight_0.28803063814602514\"><a href=\"https:\/\/agritek.co.nz\/spanish\/bio-sustain\/\">Bio-sustain<\/a> es la soluci\u00f3n natural perfecta para todas las \u00e1reas recreativas, incluyendo parques, escuelas y campos de golf.<\/span><\/div>\n<div><\/div>\n<div><strong><span id=\"noHighlight_0.5129190988568163\">Cursos de golf<\/span><\/strong><\/div>\n<div><span id=\"noHighlight_0.8422665518624697\">El mantenimiento de fairways y greens saludables presenta diferentes desaf\u00edos en diferentes campos de golf dependiendo de la ubicaci\u00f3n geogr\u00e1fica. Bio-sustain permite que el suelo bajo su campo de golf se abra y procese el agua, el nitr\u00f3geno y el carbono de manera mucho m\u00e1s eficiente, permitiendo que el agua y los nutrientes sean absorbidos a tasas mucho mayores que con niveles m\u00e1s bajos de actividad microbiana. Los <a href=\"https:\/\/www.yara.com.mx\/nutricion-vegetal\/productos\/\">fertilizantes<\/a> conducidos durante la temporada Ader no se escapar\u00e1n con el riego o el agua de la tormenta, sino que se metabolizar\u00e1n efectivamente en un humus sano que es f\u00e1cilmente digerible por las estructuras radiculares de sus pastos y plantas.<\/span><\/div>\n<div><span id=\"noHighlight_0.07212165634158862\">Bio-sustain ofrece soluciones tanto para el uso eficiente del agua como para los gastos de fertilizantes\/herbicidas\/pesticidas, as\u00ed como para minimizar los ingresos perdidos de los d\u00edas injugables.<\/span><\/div>\n<div><span id=\"noHighlight_0.2620420051699428\">Su tierra sana retendr\u00e1 la humedad debajo de la superficie, lo que impide que las ra\u00edces mueran en el calor.<\/span><\/div>\n<div><\/div>\n<div><strong><span id=\"noHighlight_0.4173725317408027\"><span id=\"noHighlight_0.7879026903388295\">Beneficios;<\/span><\/span><\/strong><\/div>\n<div><span id=\"noHighlight_0.3118490949417534\">\u2022 Asegura un sistema sano de la ra\u00edz profunda<\/span><\/div>\n<div><span id=\"noHighlight_0.2738173709540609\">\u2022 Aumenta r\u00e1pidamente la diversidad y longevidad de los microbios del suelo<\/span><\/div>\n<div><span id=\"noHighlight_0.7443818268643811\">\u2022 Aumenta la resistencia natural a plagas y enfermedades<\/span><\/div>\n<div><span id=\"noHighlight_0.16021828081444067\">\u2022 Ayuda a liberar y disipar productos qu\u00edmicos y otros nutrientes en el suelo<\/span><\/div>\n<div><span id=\"noHighlight_0.1619402692788785\">\u2022 Aumenta la aireaci\u00f3n del suelo, mejora la densidad del pasto.<\/span><\/div>\n<div><span id=\"noHighlight_0.41750023075630205\">\u2022 Reduce el uso y costo de agua, fertilizantes, herbicidas y pesticidas.<\/span><\/div>\n<div><span id=\"noHighlight_0.36590308715156816\">\u2022 Ambientalmente seguro utilizar alrededor de las v\u00edas fluviales<\/span><\/div>\n<div><span id=\"noHighlight_0.862098283977149\">\u2022 No lixiviaci\u00f3n o escurrimiento de nutrientes.<\/span><\/div>\n<div><span id=\"noHighlight_0.8672567930605463\">\u2022 Hace verdes y fairways m\u00e1s saludables, m\u00e1s duraderos y m\u00e1s verdes.<\/span><\/div>\n<div><span id=\"noHighlight_0.30173715996746553\">\u2022 Reduce el uso de agua de riego y otros costos de entrada<\/span><\/div>\n<div><span id=\"noHighlight_0.7735575558935398\">\u2022 Menos problemas de hongos e insectos<\/span><\/div>\n<\/div>\n","protected":false},"excerpt":{"rendered":"<p>Bio-sustain es la soluci\u00f3n natural perfecta para todas las \u00e1reas recreativas, incluyendo parques, escuelas y campos de golf. Cursos de golf El mantenimiento de fairways y greens saludables presenta diferentes desaf\u00edos en diferentes campos de golf dependiendo de la ubicaci\u00f3n geogr\u00e1fica. Bio-sustain permite que el suelo bajo su campo de golf se abra y procese [&hellip;]<\/p>\n","protected":false},"author":1,"featured_media":1457,"parent":0,"menu_order":0,"comment_status":"closed","ping_status":"closed","template":"","meta":{"_acf_changed":false,"footnotes":""},"class_list":["post-1291","page","type-page","status-publish","has-post-thumbnail","hentry"],"acf":[],"yoast_head":"<!-- This site is optimized with the Yoast SEO plugin v27.2 - https:\/\/yoast.com\/product\/yoast-seo-wordpress\/ -->\n<title>Cursos de Golf - Agritek Sustainable Solutions<\/title>\n<meta name=\"description\" content=\"Mantener calles y greens saludables presenta diferentes desaf\u00edos en diferentes Cursos de Golf dependiendo de la ubicaci\u00f3n geogr\u00e1fica.\" \/>\n<meta name=\"robots\" content=\"index, follow, max-snippet:-1, max-image-preview:large, max-video-preview:-1\" \/>\n<link rel=\"canonical\" href=\"https:\/\/agritek.co.nz\/spanish\/cursos-de-golf\/\" \/>\n<meta property=\"og:locale\" content=\"en_US\" \/>\n<meta property=\"og:type\" content=\"article\" \/>\n<meta property=\"og:title\" content=\"Cursos de Golf - Agritek Sustainable Solutions\" \/>\n<meta property=\"og:description\" content=\"Mantener calles y greens saludables presenta diferentes desaf\u00edos en diferentes Cursos de Golf dependiendo de la ubicaci\u00f3n geogr\u00e1fica.\" \/>\n<meta property=\"og:url\" content=\"https:\/\/agritek.co.nz\/spanish\/cursos-de-golf\/\" \/>\n<meta property=\"og:site_name\" content=\"Agritek\" \/>\n<meta property=\"article:publisher\" content=\"https:\/\/www.facebook.com\/agriteknz\/\" \/>\n<meta property=\"article:modified_time\" content=\"2022-11-18T11:24:09+00:00\" \/>\n<meta property=\"og:image\" content=\"https:\/\/agritek.co.nz\/spanish\/wp-content\/uploads\/2017\/12\/Rice_image-1024x437.png\" \/>\n\t<meta property=\"og:image:width\" content=\"1024\" \/>\n\t<meta property=\"og:image:height\" content=\"437\" \/>\n\t<meta property=\"og:image:type\" content=\"image\/png\" \/>\n<meta name=\"twitter:card\" content=\"summary_large_image\" \/>\n<meta name=\"twitter:label1\" content=\"Est. reading time\" \/>\n\t<meta name=\"twitter:data1\" content=\"2 minutes\" \/>\n<script type=\"application\/ld+json\" class=\"yoast-schema-graph\">{\"@context\":\"https:\/\/schema.org\",\"@graph\":[{\"@type\":\"WebPage\",\"@id\":\"https:\/\/agritek.co.nz\/spanish\/cursos-de-golf\/\",\"url\":\"https:\/\/agritek.co.nz\/spanish\/cursos-de-golf\/\",\"name\":\"Cursos de Golf - Agritek Sustainable Solutions\",\"isPartOf\":{\"@id\":\"https:\/\/agritek.co.nz\/spanish\/#website\"},\"primaryImageOfPage\":{\"@id\":\"https:\/\/agritek.co.nz\/spanish\/cursos-de-golf\/#primaryimage\"},\"image\":{\"@id\":\"https:\/\/agritek.co.nz\/spanish\/cursos-de-golf\/#primaryimage\"},\"thumbnailUrl\":\"http:\/\/agritek.co.nz\/spanish\/wp-content\/uploads\/2017\/12\/Rice_image.png\",\"datePublished\":\"2017-12-22T23:07:00+00:00\",\"dateModified\":\"2022-11-18T11:24:09+00:00\",\"description\":\"Mantener calles y greens saludables presenta diferentes desaf\u00edos en diferentes Cursos de Golf dependiendo de la ubicaci\u00f3n geogr\u00e1fica.\",\"breadcrumb\":{\"@id\":\"https:\/\/agritek.co.nz\/spanish\/cursos-de-golf\/#breadcrumb\"},\"inLanguage\":\"en-US\",\"potentialAction\":[{\"@type\":\"ReadAction\",\"target\":[\"https:\/\/agritek.co.nz\/spanish\/cursos-de-golf\/\"]}]},{\"@type\":\"ImageObject\",\"inLanguage\":\"en-US\",\"@id\":\"https:\/\/agritek.co.nz\/spanish\/cursos-de-golf\/#primaryimage\",\"url\":\"http:\/\/agritek.co.nz\/spanish\/wp-content\/uploads\/2017\/12\/Rice_image.png\",\"contentUrl\":\"http:\/\/agritek.co.nz\/spanish\/wp-content\/uploads\/2017\/12\/Rice_image.png\",\"width\":1920,\"height\":820,\"caption\":\"Sobre, Cursos de Golf, Bio-Sustain Explicado\"},{\"@type\":\"BreadcrumbList\",\"@id\":\"https:\/\/agritek.co.nz\/spanish\/cursos-de-golf\/#breadcrumb\",\"itemListElement\":[{\"@type\":\"ListItem\",\"position\":1,\"name\":\"Home\",\"item\":\"https:\/\/agritek.co.nz\/spanish\/\"},{\"@type\":\"ListItem\",\"position\":2,\"name\":\"Cursos de Golf\"}]},{\"@type\":\"WebSite\",\"@id\":\"https:\/\/agritek.co.nz\/spanish\/#website\",\"url\":\"https:\/\/agritek.co.nz\/spanish\/\",\"name\":\"Agritek\",\"description\":\"Soluciones Sostenibles\",\"publisher\":{\"@id\":\"https:\/\/agritek.co.nz\/spanish\/#organization\"},\"potentialAction\":[{\"@type\":\"SearchAction\",\"target\":{\"@type\":\"EntryPoint\",\"urlTemplate\":\"https:\/\/agritek.co.nz\/spanish\/?s={search_term_string}\"},\"query-input\":{\"@type\":\"PropertyValueSpecification\",\"valueRequired\":true,\"valueName\":\"search_term_string\"}}],\"inLanguage\":\"en-US\"},{\"@type\":\"Organization\",\"@id\":\"https:\/\/agritek.co.nz\/spanish\/#organization\",\"name\":\"Agritek\",\"url\":\"https:\/\/agritek.co.nz\/spanish\/\",\"logo\":{\"@type\":\"ImageObject\",\"inLanguage\":\"en-US\",\"@id\":\"https:\/\/agritek.co.nz\/spanish\/#\/schema\/logo\/image\/\",\"url\":\"https:\/\/agritek.co.nz\/spanish\/wp-content\/uploads\/2017\/12\/logo-1.png\",\"contentUrl\":\"https:\/\/agritek.co.nz\/spanish\/wp-content\/uploads\/2017\/12\/logo-1.png\",\"width\":317,\"height\":115,\"caption\":\"Agritek\"},\"image\":{\"@id\":\"https:\/\/agritek.co.nz\/spanish\/#\/schema\/logo\/image\/\"},\"sameAs\":[\"https:\/\/www.facebook.com\/agriteknz\/\"]}]}<\/script>\n<!-- \/ Yoast SEO plugin. -->","yoast_head_json":{"title":"Cursos de Golf - Agritek Sustainable Solutions","description":"Mantener calles y greens saludables presenta diferentes desaf\u00edos en diferentes Cursos de Golf dependiendo de la ubicaci\u00f3n geogr\u00e1fica.","robots":{"index":"index","follow":"follow","max-snippet":"max-snippet:-1","max-image-preview":"max-image-preview:large","max-video-preview":"max-video-preview:-1"},"canonical":"https:\/\/agritek.co.nz\/spanish\/cursos-de-golf\/","og_locale":"en_US","og_type":"article","og_title":"Cursos de Golf - Agritek Sustainable Solutions","og_description":"Mantener calles y greens saludables presenta diferentes desaf\u00edos en diferentes Cursos de Golf dependiendo de la ubicaci\u00f3n geogr\u00e1fica.","og_url":"https:\/\/agritek.co.nz\/spanish\/cursos-de-golf\/","og_site_name":"Agritek","article_publisher":"https:\/\/www.facebook.com\/agriteknz\/","article_modified_time":"2022-11-18T11:24:09+00:00","og_image":[{"width":1024,"height":437,"url":"https:\/\/agritek.co.nz\/spanish\/wp-content\/uploads\/2017\/12\/Rice_image-1024x437.png","type":"image\/png"}],"twitter_card":"summary_large_image","twitter_misc":{"Est. reading time":"2 minutes"},"schema":{"@context":"https:\/\/schema.org","@graph":[{"@type":"WebPage","@id":"https:\/\/agritek.co.nz\/spanish\/cursos-de-golf\/","url":"https:\/\/agritek.co.nz\/spanish\/cursos-de-golf\/","name":"Cursos de Golf - Agritek Sustainable Solutions","isPartOf":{"@id":"https:\/\/agritek.co.nz\/spanish\/#website"},"primaryImageOfPage":{"@id":"https:\/\/agritek.co.nz\/spanish\/cursos-de-golf\/#primaryimage"},"image":{"@id":"https:\/\/agritek.co.nz\/spanish\/cursos-de-golf\/#primaryimage"},"thumbnailUrl":"http:\/\/agritek.co.nz\/spanish\/wp-content\/uploads\/2017\/12\/Rice_image.png","datePublished":"2017-12-22T23:07:00+00:00","dateModified":"2022-11-18T11:24:09+00:00","description":"Mantener calles y greens saludables presenta diferentes desaf\u00edos en diferentes Cursos de Golf dependiendo de la ubicaci\u00f3n geogr\u00e1fica.","breadcrumb":{"@id":"https:\/\/agritek.co.nz\/spanish\/cursos-de-golf\/#breadcrumb"},"inLanguage":"en-US","potentialAction":[{"@type":"ReadAction","target":["https:\/\/agritek.co.nz\/spanish\/cursos-de-golf\/"]}]},{"@type":"ImageObject","inLanguage":"en-US","@id":"https:\/\/agritek.co.nz\/spanish\/cursos-de-golf\/#primaryimage","url":"http:\/\/agritek.co.nz\/spanish\/wp-content\/uploads\/2017\/12\/Rice_image.png","contentUrl":"http:\/\/agritek.co.nz\/spanish\/wp-content\/uploads\/2017\/12\/Rice_image.png","width":1920,"height":820,"caption":"Sobre, Cursos de Golf, Bio-Sustain Explicado"},{"@type":"BreadcrumbList","@id":"https:\/\/agritek.co.nz\/spanish\/cursos-de-golf\/#breadcrumb","itemListElement":[{"@type":"ListItem","position":1,"name":"Home","item":"https:\/\/agritek.co.nz\/spanish\/"},{"@type":"ListItem","position":2,"name":"Cursos de Golf"}]},{"@type":"WebSite","@id":"https:\/\/agritek.co.nz\/spanish\/#website","url":"https:\/\/agritek.co.nz\/spanish\/","name":"Agritek","description":"Soluciones Sostenibles","publisher":{"@id":"https:\/\/agritek.co.nz\/spanish\/#organization"},"potentialAction":[{"@type":"SearchAction","target":{"@type":"EntryPoint","urlTemplate":"https:\/\/agritek.co.nz\/spanish\/?s={search_term_string}"},"query-input":{"@type":"PropertyValueSpecification","valueRequired":true,"valueName":"search_term_string"}}],"inLanguage":"en-US"},{"@type":"Organization","@id":"https:\/\/agritek.co.nz\/spanish\/#organization","name":"Agritek","url":"https:\/\/agritek.co.nz\/spanish\/","logo":{"@type":"ImageObject","inLanguage":"en-US","@id":"https:\/\/agritek.co.nz\/spanish\/#\/schema\/logo\/image\/","url":"https:\/\/agritek.co.nz\/spanish\/wp-content\/uploads\/2017\/12\/logo-1.png","contentUrl":"https:\/\/agritek.co.nz\/spanish\/wp-content\/uploads\/2017\/12\/logo-1.png","width":317,"height":115,"caption":"Agritek"},"image":{"@id":"https:\/\/agritek.co.nz\/spanish\/#\/schema\/logo\/image\/"},"sameAs":["https:\/\/www.facebook.com\/agriteknz\/"]}]}},"_links":{"self":[{"href":"http:\/\/agritek.co.nz\/spanish\/wp-json\/wp\/v2\/pages\/1291","targetHints":{"allow":["GET"]}}],"collection":[{"href":"http:\/\/agritek.co.nz\/spanish\/wp-json\/wp\/v2\/pages"}],"about":[{"href":"http:\/\/agritek.co.nz\/spanish\/wp-json\/wp\/v2\/types\/page"}],"author":[{"embeddable":true,"href":"http:\/\/agritek.co.nz\/spanish\/wp-json\/wp\/v2\/users\/1"}],"replies":[{"embeddable":true,"href":"http:\/\/agritek.co.nz\/spanish\/wp-json\/wp\/v2\/comments?post=1291"}],"version-history":[{"count":2,"href":"http:\/\/agritek.co.nz\/spanish\/wp-json\/wp\/v2\/pages\/1291\/revisions"}],"predecessor-version":[{"id":2332,"href":"http:\/\/agritek.co.nz\/spanish\/wp-json\/wp\/v2\/pages\/1291\/revisions\/2332"}],"wp:featuredmedia":[{"embeddable":true,"href":"http:\/\/agritek.co.nz\/spanish\/wp-json\/wp\/v2\/media\/1457"}],"wp:attachment":[{"href":"http:\/\/agritek.co.nz\/spanish\/wp-json\/wp\/v2\/media?parent=1291"}],"curies":[{"name":"wp","href":"https:\/\/api.w.org\/{rel}","templated":true}]}}