{"id":1285,"date":"2017-12-22T22:56:12","date_gmt":"2017-12-22T22:56:12","guid":{"rendered":"http:\/\/agritek.co.nz\/spanish\/?page_id=1285"},"modified":"2022-11-18T12:19:53","modified_gmt":"2022-11-18T12:19:53","slug":"beneficios-bio-sustain","status":"publish","type":"page","link":"http:\/\/agritek.co.nz\/spanish\/beneficios-bio-sustain\/","title":{"rendered":"Beneficios Bio-Sustain"},"content":{"rendered":"<div id=\"destText\" class=\"textArea\">\n<div><strong><span id=\"noHighlight_0.4181429546332429\">Beneficios Bio-Sustain:<\/span><\/strong><\/div>\n<div><\/div>\n<div><span id=\"noHighlight_0.7963147312978748\">\u2022 Aumenta r\u00e1pidamente la actividad microbiana para el suelo sano.<\/span><\/div>\n<div><span id=\"noHighlight_0.3956022236440895\">\u2022 Ayuda a establecer un sistema de ra\u00edces de plantas saludables.<\/span><\/div>\n<div><span id=\"noHighlight_0.35506693320298666\">\u2022 Fomentar un crecimiento m\u00e1s r\u00e1pido de la ra\u00edz para la toma de agua y nutrientes.<\/span><\/div>\n<div><span id=\"noHighlight_0.5061184030480522\">\u2022 Aumenta el nitr\u00f3geno disponible de la planta (no \u2212) y (NH +) 34<\/span><\/div>\n<div><span id=\"noHighlight_0.2906063477525378\">\u2022 Aumentar la utilizaci\u00f3n del <a href=\"https:\/\/www.intagri.com\/articulos\/nutricion-vegetal\/fijacion-biologica-de-nitrogeno-atmosferico\">nitr\u00f3geno atmosf\u00e9rico<\/a>.<\/span><\/div>\n<div><span id=\"noHighlight_0.036033500077415015\">\u2022 Aumentar la disponibilidad de fosfato (P2O5)<\/span><\/div>\n<div><span id=\"noHighlight_0.26727614533891064\">\u2022 Aumenta la disponibilidad de nutrientes y minerales a las plantas<\/span><\/div>\n<div><span id=\"noHighlight_0.962492300381031\">\u2022 Mejora los rendimientos y la calidad de los cultivos<\/span><\/div>\n<div><span id=\"noHighlight_0.6639032561039209\">\u2022 Realza el sabor del cultivo y el valor nutricional.<\/span><\/div>\n<div><span id=\"noHighlight_0.18549337650622177\">\u2022 Mejora la coloraci\u00f3n, la apariencia y la vida \u00fatil de las frutas y hortalizas perecederas.<\/span><\/div>\n<div><span id=\"noHighlight_0.8021477409492387\">\u2022 Aumenta la resistencia natural de las plantas a plagas, enfermedades y condiciones clim\u00e1ticas.<\/span><\/div>\n<div><span id=\"noHighlight_0.09139935602806915\">\u2022 Aumenta la tolerancia a la sequ\u00eda debido al r\u00e1pido desarrollo celular de las plantas.<\/span><\/div>\n<div><span id=\"noHighlight_0.26266531348450073\">\u2022 Acelera el desglose de la materia seca creando una valiosa fuente de carbono.<\/span><\/div>\n<div><span id=\"noHighlight_0.09727108450690358\">\u2022 Ayuda a liberar y disipar productos qu\u00edmicos y otros nutrientes en el suelo.<\/span><\/div>\n<div><span id=\"noHighlight_0.44498936792508315\">\u2022 Reduce significativamente el cultivo relience en <a href=\"https:\/\/agritek.co.nz\/spanish\/nuestra-tienda\/\">fertilizantes<\/a> qu\u00edmicos y pesticidas.<\/span><\/div>\n<div><span id=\"noHighlight_0.5912253001366187\">\u2022 Aumenta la germinaci\u00f3n de la semilla mediante el uso del remojo de semillas.<\/span><\/div>\n<div><span id=\"noHighlight_0.385221744129444\">\u2022 Puede aplicarse a trav\u00e9s de cualquier sistema de irrigaci\u00f3n o directamente al suelo.<\/span><\/div>\n<div><span id=\"noHighlight_0.93575441900575\">\u2022 Puede ser usado en cualquier tipo de planta, cultivo, flor o verdura.<\/span><\/div>\n<div><span id=\"noHighlight_0.35361800324969495\">\u2022 Seguro, no t\u00f3xico para los seres humanos, las plantas, los animales y el ambiente.<\/span><\/div>\n<div><span id=\"noHighlight_0.7972758284854082\">\u2022 Canal seguro, respetuoso del medio ambiente y 100% natural<\/span><\/div>\n<\/div>\n","protected":false},"excerpt":{"rendered":"<p>Beneficios Bio-Sustain: \u2022 Aumenta r\u00e1pidamente la actividad microbiana para el suelo sano. \u2022 Ayuda a establecer un sistema de ra\u00edces de plantas saludables. \u2022 Fomentar un crecimiento m\u00e1s r\u00e1pido de la ra\u00edz para la toma de agua y nutrientes. \u2022 Aumenta el nitr\u00f3geno disponible de la planta (no \u2212) y (NH +) 34 \u2022 Aumentar [&hellip;]<\/p>\n","protected":false},"author":1,"featured_media":1995,"parent":0,"menu_order":0,"comment_status":"closed","ping_status":"closed","template":"","meta":{"_acf_changed":false,"footnotes":""},"class_list":["post-1285","page","type-page","status-publish","has-post-thumbnail","hentry"],"acf":[],"yoast_head":"<!-- This site is optimized with the Yoast SEO plugin v27.2 - https:\/\/yoast.com\/product\/yoast-seo-wordpress\/ -->\n<title>Beneficios Bio-Sustain - Agritek Sustainable Solutions<\/title>\n<meta name=\"description\" content=\"Beneficios Bio-Sustain: Esta contiene una amplia gama de bacterias beneficiosas para el suelo en una forma muy concentrada.\" \/>\n<meta name=\"robots\" content=\"index, follow, max-snippet:-1, max-image-preview:large, max-video-preview:-1\" \/>\n<link rel=\"canonical\" href=\"https:\/\/agritek.co.nz\/spanish\/beneficios-bio-sustain\/\" \/>\n<meta property=\"og:locale\" content=\"en_US\" \/>\n<meta property=\"og:type\" content=\"article\" \/>\n<meta property=\"og:title\" content=\"Beneficios Bio-Sustain - Agritek Sustainable Solutions\" \/>\n<meta property=\"og:description\" content=\"Beneficios Bio-Sustain: Esta contiene una amplia gama de bacterias beneficiosas para el suelo en una forma muy concentrada.\" \/>\n<meta property=\"og:url\" content=\"https:\/\/agritek.co.nz\/spanish\/beneficios-bio-sustain\/\" \/>\n<meta property=\"og:site_name\" content=\"Agritek\" \/>\n<meta property=\"article:publisher\" content=\"https:\/\/www.facebook.com\/agriteknz\/\" \/>\n<meta property=\"article:modified_time\" content=\"2022-11-18T12:19:53+00:00\" \/>\n<meta property=\"og:image\" content=\"https:\/\/agritek.co.nz\/spanish\/wp-content\/uploads\/2017\/12\/Farmer-Field-bio-Sustain-Rice-e1526269204287.jpg\" \/>\n\t<meta property=\"og:image:width\" content=\"370\" \/>\n\t<meta property=\"og:image:height\" content=\"246\" \/>\n\t<meta property=\"og:image:type\" content=\"image\/jpeg\" \/>\n<meta name=\"twitter:card\" content=\"summary_large_image\" \/>\n<meta name=\"twitter:label1\" content=\"Est. reading time\" \/>\n\t<meta name=\"twitter:data1\" content=\"2 minutes\" \/>\n<script type=\"application\/ld+json\" class=\"yoast-schema-graph\">{\"@context\":\"https:\/\/schema.org\",\"@graph\":[{\"@type\":\"WebPage\",\"@id\":\"https:\/\/agritek.co.nz\/spanish\/beneficios-bio-sustain\/\",\"url\":\"https:\/\/agritek.co.nz\/spanish\/beneficios-bio-sustain\/\",\"name\":\"Beneficios Bio-Sustain - Agritek Sustainable Solutions\",\"isPartOf\":{\"@id\":\"https:\/\/agritek.co.nz\/spanish\/#website\"},\"primaryImageOfPage\":{\"@id\":\"https:\/\/agritek.co.nz\/spanish\/beneficios-bio-sustain\/#primaryimage\"},\"image\":{\"@id\":\"https:\/\/agritek.co.nz\/spanish\/beneficios-bio-sustain\/#primaryimage\"},\"thumbnailUrl\":\"http:\/\/agritek.co.nz\/spanish\/wp-content\/uploads\/2017\/12\/Farmer-Field-bio-Sustain-Rice-e1526269204287.jpg\",\"datePublished\":\"2017-12-22T22:56:12+00:00\",\"dateModified\":\"2022-11-18T12:19:53+00:00\",\"description\":\"Beneficios Bio-Sustain: Esta contiene una amplia gama de bacterias beneficiosas para el suelo en una forma muy concentrada.\",\"breadcrumb\":{\"@id\":\"https:\/\/agritek.co.nz\/spanish\/beneficios-bio-sustain\/#breadcrumb\"},\"inLanguage\":\"en-US\",\"potentialAction\":[{\"@type\":\"ReadAction\",\"target\":[\"https:\/\/agritek.co.nz\/spanish\/beneficios-bio-sustain\/\"]}]},{\"@type\":\"ImageObject\",\"inLanguage\":\"en-US\",\"@id\":\"https:\/\/agritek.co.nz\/spanish\/beneficios-bio-sustain\/#primaryimage\",\"url\":\"http:\/\/agritek.co.nz\/spanish\/wp-content\/uploads\/2017\/12\/Farmer-Field-bio-Sustain-Rice-e1526269204287.jpg\",\"contentUrl\":\"http:\/\/agritek.co.nz\/spanish\/wp-content\/uploads\/2017\/12\/Farmer-Field-bio-Sustain-Rice-e1526269204287.jpg\",\"width\":370,\"height\":246,\"caption\":\"Reguladores del crecimiento vegetal, ARROZ-GUARD, Tratamiento de aguas residuales, Beneficios Bio-Sustain, Bio-pesticidas, Bio-Sustain - Nitr\u00f3geno, Cultivo de pimientos con Bio-Sustain, Bio-Sustain - Introducci\u00f3n\"},{\"@type\":\"BreadcrumbList\",\"@id\":\"https:\/\/agritek.co.nz\/spanish\/beneficios-bio-sustain\/#breadcrumb\",\"itemListElement\":[{\"@type\":\"ListItem\",\"position\":1,\"name\":\"Home\",\"item\":\"https:\/\/agritek.co.nz\/spanish\/\"},{\"@type\":\"ListItem\",\"position\":2,\"name\":\"Beneficios Bio-Sustain\"}]},{\"@type\":\"WebSite\",\"@id\":\"https:\/\/agritek.co.nz\/spanish\/#website\",\"url\":\"https:\/\/agritek.co.nz\/spanish\/\",\"name\":\"Agritek\",\"description\":\"Soluciones Sostenibles\",\"publisher\":{\"@id\":\"https:\/\/agritek.co.nz\/spanish\/#organization\"},\"potentialAction\":[{\"@type\":\"SearchAction\",\"target\":{\"@type\":\"EntryPoint\",\"urlTemplate\":\"https:\/\/agritek.co.nz\/spanish\/?s={search_term_string}\"},\"query-input\":{\"@type\":\"PropertyValueSpecification\",\"valueRequired\":true,\"valueName\":\"search_term_string\"}}],\"inLanguage\":\"en-US\"},{\"@type\":\"Organization\",\"@id\":\"https:\/\/agritek.co.nz\/spanish\/#organization\",\"name\":\"Agritek\",\"url\":\"https:\/\/agritek.co.nz\/spanish\/\",\"logo\":{\"@type\":\"ImageObject\",\"inLanguage\":\"en-US\",\"@id\":\"https:\/\/agritek.co.nz\/spanish\/#\/schema\/logo\/image\/\",\"url\":\"https:\/\/agritek.co.nz\/spanish\/wp-content\/uploads\/2017\/12\/logo-1.png\",\"contentUrl\":\"https:\/\/agritek.co.nz\/spanish\/wp-content\/uploads\/2017\/12\/logo-1.png\",\"width\":317,\"height\":115,\"caption\":\"Agritek\"},\"image\":{\"@id\":\"https:\/\/agritek.co.nz\/spanish\/#\/schema\/logo\/image\/\"},\"sameAs\":[\"https:\/\/www.facebook.com\/agriteknz\/\"]}]}<\/script>\n<!-- \/ Yoast SEO plugin. -->","yoast_head_json":{"title":"Beneficios Bio-Sustain - Agritek Sustainable Solutions","description":"Beneficios Bio-Sustain: Esta contiene una amplia gama de bacterias beneficiosas para el suelo en una forma muy concentrada.","robots":{"index":"index","follow":"follow","max-snippet":"max-snippet:-1","max-image-preview":"max-image-preview:large","max-video-preview":"max-video-preview:-1"},"canonical":"https:\/\/agritek.co.nz\/spanish\/beneficios-bio-sustain\/","og_locale":"en_US","og_type":"article","og_title":"Beneficios Bio-Sustain - Agritek Sustainable Solutions","og_description":"Beneficios Bio-Sustain: Esta contiene una amplia gama de bacterias beneficiosas para el suelo en una forma muy concentrada.","og_url":"https:\/\/agritek.co.nz\/spanish\/beneficios-bio-sustain\/","og_site_name":"Agritek","article_publisher":"https:\/\/www.facebook.com\/agriteknz\/","article_modified_time":"2022-11-18T12:19:53+00:00","og_image":[{"width":370,"height":246,"url":"https:\/\/agritek.co.nz\/spanish\/wp-content\/uploads\/2017\/12\/Farmer-Field-bio-Sustain-Rice-e1526269204287.jpg","type":"image\/jpeg"}],"twitter_card":"summary_large_image","twitter_misc":{"Est. reading time":"2 minutes"},"schema":{"@context":"https:\/\/schema.org","@graph":[{"@type":"WebPage","@id":"https:\/\/agritek.co.nz\/spanish\/beneficios-bio-sustain\/","url":"https:\/\/agritek.co.nz\/spanish\/beneficios-bio-sustain\/","name":"Beneficios Bio-Sustain - Agritek Sustainable Solutions","isPartOf":{"@id":"https:\/\/agritek.co.nz\/spanish\/#website"},"primaryImageOfPage":{"@id":"https:\/\/agritek.co.nz\/spanish\/beneficios-bio-sustain\/#primaryimage"},"image":{"@id":"https:\/\/agritek.co.nz\/spanish\/beneficios-bio-sustain\/#primaryimage"},"thumbnailUrl":"http:\/\/agritek.co.nz\/spanish\/wp-content\/uploads\/2017\/12\/Farmer-Field-bio-Sustain-Rice-e1526269204287.jpg","datePublished":"2017-12-22T22:56:12+00:00","dateModified":"2022-11-18T12:19:53+00:00","description":"Beneficios Bio-Sustain: Esta contiene una amplia gama de bacterias beneficiosas para el suelo en una forma muy concentrada.","breadcrumb":{"@id":"https:\/\/agritek.co.nz\/spanish\/beneficios-bio-sustain\/#breadcrumb"},"inLanguage":"en-US","potentialAction":[{"@type":"ReadAction","target":["https:\/\/agritek.co.nz\/spanish\/beneficios-bio-sustain\/"]}]},{"@type":"ImageObject","inLanguage":"en-US","@id":"https:\/\/agritek.co.nz\/spanish\/beneficios-bio-sustain\/#primaryimage","url":"http:\/\/agritek.co.nz\/spanish\/wp-content\/uploads\/2017\/12\/Farmer-Field-bio-Sustain-Rice-e1526269204287.jpg","contentUrl":"http:\/\/agritek.co.nz\/spanish\/wp-content\/uploads\/2017\/12\/Farmer-Field-bio-Sustain-Rice-e1526269204287.jpg","width":370,"height":246,"caption":"Reguladores del crecimiento vegetal, ARROZ-GUARD, Tratamiento de aguas residuales, Beneficios Bio-Sustain, Bio-pesticidas, Bio-Sustain - Nitr\u00f3geno, Cultivo de pimientos con Bio-Sustain, Bio-Sustain - Introducci\u00f3n"},{"@type":"BreadcrumbList","@id":"https:\/\/agritek.co.nz\/spanish\/beneficios-bio-sustain\/#breadcrumb","itemListElement":[{"@type":"ListItem","position":1,"name":"Home","item":"https:\/\/agritek.co.nz\/spanish\/"},{"@type":"ListItem","position":2,"name":"Beneficios Bio-Sustain"}]},{"@type":"WebSite","@id":"https:\/\/agritek.co.nz\/spanish\/#website","url":"https:\/\/agritek.co.nz\/spanish\/","name":"Agritek","description":"Soluciones Sostenibles","publisher":{"@id":"https:\/\/agritek.co.nz\/spanish\/#organization"},"potentialAction":[{"@type":"SearchAction","target":{"@type":"EntryPoint","urlTemplate":"https:\/\/agritek.co.nz\/spanish\/?s={search_term_string}"},"query-input":{"@type":"PropertyValueSpecification","valueRequired":true,"valueName":"search_term_string"}}],"inLanguage":"en-US"},{"@type":"Organization","@id":"https:\/\/agritek.co.nz\/spanish\/#organization","name":"Agritek","url":"https:\/\/agritek.co.nz\/spanish\/","logo":{"@type":"ImageObject","inLanguage":"en-US","@id":"https:\/\/agritek.co.nz\/spanish\/#\/schema\/logo\/image\/","url":"https:\/\/agritek.co.nz\/spanish\/wp-content\/uploads\/2017\/12\/logo-1.png","contentUrl":"https:\/\/agritek.co.nz\/spanish\/wp-content\/uploads\/2017\/12\/logo-1.png","width":317,"height":115,"caption":"Agritek"},"image":{"@id":"https:\/\/agritek.co.nz\/spanish\/#\/schema\/logo\/image\/"},"sameAs":["https:\/\/www.facebook.com\/agriteknz\/"]}]}},"_links":{"self":[{"href":"http:\/\/agritek.co.nz\/spanish\/wp-json\/wp\/v2\/pages\/1285","targetHints":{"allow":["GET"]}}],"collection":[{"href":"http:\/\/agritek.co.nz\/spanish\/wp-json\/wp\/v2\/pages"}],"about":[{"href":"http:\/\/agritek.co.nz\/spanish\/wp-json\/wp\/v2\/types\/page"}],"author":[{"embeddable":true,"href":"http:\/\/agritek.co.nz\/spanish\/wp-json\/wp\/v2\/users\/1"}],"replies":[{"embeddable":true,"href":"http:\/\/agritek.co.nz\/spanish\/wp-json\/wp\/v2\/comments?post=1285"}],"version-history":[{"count":3,"href":"http:\/\/agritek.co.nz\/spanish\/wp-json\/wp\/v2\/pages\/1285\/revisions"}],"predecessor-version":[{"id":2340,"href":"http:\/\/agritek.co.nz\/spanish\/wp-json\/wp\/v2\/pages\/1285\/revisions\/2340"}],"wp:featuredmedia":[{"embeddable":true,"href":"http:\/\/agritek.co.nz\/spanish\/wp-json\/wp\/v2\/media\/1995"}],"wp:attachment":[{"href":"http:\/\/agritek.co.nz\/spanish\/wp-json\/wp\/v2\/media?parent=1285"}],"curies":[{"name":"wp","href":"https:\/\/api.w.org\/{rel}","templated":true}]}}