{"id":1279,"date":"2017-12-22T22:47:40","date_gmt":"2017-12-22T22:47:40","guid":{"rendered":"http:\/\/agritek.co.nz\/spanish\/?page_id=1279"},"modified":"2022-11-18T11:56:17","modified_gmt":"2022-11-18T11:56:17","slug":"como-funciona","status":"publish","type":"page","link":"http:\/\/agritek.co.nz\/spanish\/como-funciona\/","title":{"rendered":"C\u00f3mo Funciona"},"content":{"rendered":"<div id=\"destText\" class=\"textArea\">\n<div>\n<h4>C\u00f3mo Funciona<\/h4>\n<\/div>\n<div><span id=\"noHighlight_0.017562125867006118\">El proceso comienza con las bacterias espec\u00edficamente seleccionadas que se han aislado de suelos altamente f\u00e9rtiles y exhiben capacidades \u00f3ptimas para producir las enzimas y otros <a href=\"https:\/\/www.mayoclinic.org\/es-es\/healthy-lifestyle\/nutrition-and-healthy-eating\/in-depth\/organic-food\/art-20043880\">alimentos org\u00e1nicos<\/a>.<\/span><\/div>\n<div><span id=\"noHighlight_0.22811842047890518\">Las bacterias se seleccionan para la m\u00e1xima adaptabilidad de modo que sean eficaces en muchas diversas condiciones del suelo, y proporcionen capacidades \u00fanicas para fijar el nitr\u00f3geno (atmosf\u00e9rico) natural y el nitr\u00f3geno sint\u00e9tico (qu\u00edmico) entregados por los fertilizantes. Cuando se aplica bio-sustain al suelo, las bacterias ind\u00edgenas se multiplican y crecen muy r\u00e1pidamente.<\/span><\/div>\n<div><\/div>\n<div><span id=\"noHighlight_0.31805213055450754\">A medida que la salud biol\u00f3gica del suelo mejora, los minerales se vuelven m\u00e1s disponibles para las plantas y la asimilaci\u00f3n de nutrientes se incrementa en 200-300%, con la utilizaci\u00f3n del nitr\u00f3geno aumentando en 50-75%. La disipaci\u00f3n del nitr\u00f3geno (escape gaseoso) se reduce grandemente, y la lixiviaci\u00f3n (escurr y la filtraci\u00f3n en la tabla del agua) se elimina casi.<\/span><\/div>\n<\/div>\n<div><\/div>\n<div>\n<div id=\"destText\" class=\"textArea\">\n<div><span id=\"noHighlight_0.5182670348380691\">El aumento del contenido biol\u00f3gico de un ecosistema de suelos hace que el suelo sea m\u00e1s permeable, permitiendo que el suelo absorba m\u00e1s agua y que las poblaciones sanas de microorganismos metabolizan los fertilizantes y nutrientes que han permanecido inutilizados en los campos durante a\u00f1os, haciendo que estos nutrientes disponibles para las plantas que crecen hoy.<\/span><\/div>\n<div><\/div>\n<div><span id=\"noHighlight_0.14472186953544397\">Cuando las bacterias digieren y metabolizan los fertilizantes en el campo, el fertilizante se mantiene fuera de nuestros recursos h\u00eddricos y es entregado donde pertenece, a la planta. Menos <a href=\"https:\/\/agritek.co.nz\/spanish\/nuestra-tienda\/\">fertilizante<\/a> qu\u00edmico residual en el suelo significa menos toxinas que llegan a nuestros recursos h\u00eddricos.<\/span><\/div>\n<div><\/div>\n<div><span id=\"noHighlight_0.9916776569932549\">Hacer que el ecosistema del suelo sea saludable alivia el estr\u00e9s en las plantas de todo tipo, y les permite utilizar sus propios sistemas inmunes para protegerse de las hierbas depredadoras (malezas) y las plagas (insectos), lo que resulta en la reducci\u00f3n de los requerimientos de herbicidas y pesticidas y los costos.<\/span><\/div>\n<div><span id=\"noHighlight_0.13864085690446726\">Si en su granja, su campo de golf, su hogar, o su jard\u00edn, aumentando la actividad microbiana en su suelo mejorar\u00e1 la fertilidad de su suelo y la calidad y la cantidad de su cosecha, mientras que reduce la necesidad de insumos tales como agua, herbicidas, pesticidas y ferilizer.<\/span><\/div>\n<\/div>\n<\/div>\n","protected":false},"excerpt":{"rendered":"<p>C\u00f3mo Funciona El proceso comienza con las bacterias espec\u00edficamente seleccionadas que se han aislado de suelos altamente f\u00e9rtiles y exhiben capacidades \u00f3ptimas para producir las enzimas y otros alimentos org\u00e1nicos. Las bacterias se seleccionan para la m\u00e1xima adaptabilidad de modo que sean eficaces en muchas diversas condiciones del suelo, y proporcionen capacidades \u00fanicas para fijar [&hellip;]<\/p>\n","protected":false},"author":1,"featured_media":1458,"parent":0,"menu_order":0,"comment_status":"closed","ping_status":"closed","template":"","meta":{"_acf_changed":false,"footnotes":""},"class_list":["post-1279","page","type-page","status-publish","has-post-thumbnail","hentry"],"acf":[],"yoast_head":"<!-- This site is optimized with the Yoast SEO plugin v27.2 - https:\/\/yoast.com\/product\/yoast-seo-wordpress\/ -->\n<title>C\u00f3mo Funciona - Agritek Sustainable Solutions<\/title>\n<meta name=\"description\" content=\"C\u00f3mo Funciona: El proceso comienza con bacterias espec\u00edficamente seleccionadas que han sido aisladas de suelos altamente f\u00e9rtiles.\" \/>\n<meta name=\"robots\" content=\"index, follow, max-snippet:-1, max-image-preview:large, max-video-preview:-1\" \/>\n<link rel=\"canonical\" href=\"http:\/\/agritek.co.nz\/spanish\/como-funciona\/\" \/>\n<meta property=\"og:locale\" content=\"en_US\" \/>\n<meta property=\"og:type\" content=\"article\" \/>\n<meta property=\"og:title\" content=\"C\u00f3mo Funciona - Agritek Sustainable Solutions\" \/>\n<meta property=\"og:description\" content=\"C\u00f3mo Funciona: El proceso comienza con bacterias espec\u00edficamente seleccionadas que han sido aisladas de suelos altamente f\u00e9rtiles.\" \/>\n<meta property=\"og:url\" content=\"http:\/\/agritek.co.nz\/spanish\/como-funciona\/\" \/>\n<meta property=\"og:site_name\" content=\"Agritek\" \/>\n<meta property=\"article:publisher\" content=\"https:\/\/www.facebook.com\/agriteknz\/\" \/>\n<meta property=\"article:modified_time\" content=\"2022-11-18T11:56:17+00:00\" \/>\n<meta property=\"og:image\" content=\"http:\/\/agritek.co.nz\/spanish\/wp-content\/uploads\/2017\/12\/Rice_image2-1024x437.png\" \/>\n\t<meta property=\"og:image:width\" content=\"1024\" \/>\n\t<meta property=\"og:image:height\" content=\"437\" \/>\n\t<meta property=\"og:image:type\" content=\"image\/png\" \/>\n<meta name=\"twitter:card\" content=\"summary_large_image\" \/>\n<meta name=\"twitter:label1\" content=\"Est. reading time\" \/>\n\t<meta name=\"twitter:data1\" content=\"2 minutes\" \/>\n<script type=\"application\/ld+json\" class=\"yoast-schema-graph\">{\"@context\":\"https:\/\/schema.org\",\"@graph\":[{\"@type\":\"WebPage\",\"@id\":\"http:\/\/agritek.co.nz\/spanish\/como-funciona\/\",\"url\":\"http:\/\/agritek.co.nz\/spanish\/como-funciona\/\",\"name\":\"C\u00f3mo Funciona - Agritek Sustainable Solutions\",\"isPartOf\":{\"@id\":\"https:\/\/agritek.co.nz\/spanish\/#website\"},\"primaryImageOfPage\":{\"@id\":\"http:\/\/agritek.co.nz\/spanish\/como-funciona\/#primaryimage\"},\"image\":{\"@id\":\"http:\/\/agritek.co.nz\/spanish\/como-funciona\/#primaryimage\"},\"thumbnailUrl\":\"http:\/\/agritek.co.nz\/spanish\/wp-content\/uploads\/2017\/12\/Rice_image2.png\",\"datePublished\":\"2017-12-22T22:47:40+00:00\",\"dateModified\":\"2022-11-18T11:56:17+00:00\",\"description\":\"C\u00f3mo Funciona: El proceso comienza con bacterias espec\u00edficamente seleccionadas que han sido aisladas de suelos altamente f\u00e9rtiles.\",\"breadcrumb\":{\"@id\":\"http:\/\/agritek.co.nz\/spanish\/como-funciona\/#breadcrumb\"},\"inLanguage\":\"en-US\",\"potentialAction\":[{\"@type\":\"ReadAction\",\"target\":[\"http:\/\/agritek.co.nz\/spanish\/como-funciona\/\"]}]},{\"@type\":\"ImageObject\",\"inLanguage\":\"en-US\",\"@id\":\"http:\/\/agritek.co.nz\/spanish\/como-funciona\/#primaryimage\",\"url\":\"http:\/\/agritek.co.nz\/spanish\/wp-content\/uploads\/2017\/12\/Rice_image2.png\",\"contentUrl\":\"http:\/\/agritek.co.nz\/spanish\/wp-content\/uploads\/2017\/12\/Rice_image2.png\",\"width\":1920,\"height\":820,\"caption\":\"C\u00f3mo Funciona\"},{\"@type\":\"BreadcrumbList\",\"@id\":\"http:\/\/agritek.co.nz\/spanish\/como-funciona\/#breadcrumb\",\"itemListElement\":[{\"@type\":\"ListItem\",\"position\":1,\"name\":\"Home\",\"item\":\"https:\/\/agritek.co.nz\/spanish\/\"},{\"@type\":\"ListItem\",\"position\":2,\"name\":\"C\u00f3mo Funciona\"}]},{\"@type\":\"WebSite\",\"@id\":\"https:\/\/agritek.co.nz\/spanish\/#website\",\"url\":\"https:\/\/agritek.co.nz\/spanish\/\",\"name\":\"Agritek\",\"description\":\"Soluciones Sostenibles\",\"publisher\":{\"@id\":\"https:\/\/agritek.co.nz\/spanish\/#organization\"},\"potentialAction\":[{\"@type\":\"SearchAction\",\"target\":{\"@type\":\"EntryPoint\",\"urlTemplate\":\"https:\/\/agritek.co.nz\/spanish\/?s={search_term_string}\"},\"query-input\":{\"@type\":\"PropertyValueSpecification\",\"valueRequired\":true,\"valueName\":\"search_term_string\"}}],\"inLanguage\":\"en-US\"},{\"@type\":\"Organization\",\"@id\":\"https:\/\/agritek.co.nz\/spanish\/#organization\",\"name\":\"Agritek\",\"url\":\"https:\/\/agritek.co.nz\/spanish\/\",\"logo\":{\"@type\":\"ImageObject\",\"inLanguage\":\"en-US\",\"@id\":\"https:\/\/agritek.co.nz\/spanish\/#\/schema\/logo\/image\/\",\"url\":\"https:\/\/agritek.co.nz\/spanish\/wp-content\/uploads\/2017\/12\/logo-1.png\",\"contentUrl\":\"https:\/\/agritek.co.nz\/spanish\/wp-content\/uploads\/2017\/12\/logo-1.png\",\"width\":317,\"height\":115,\"caption\":\"Agritek\"},\"image\":{\"@id\":\"https:\/\/agritek.co.nz\/spanish\/#\/schema\/logo\/image\/\"},\"sameAs\":[\"https:\/\/www.facebook.com\/agriteknz\/\"]}]}<\/script>\n<!-- \/ Yoast SEO plugin. -->","yoast_head_json":{"title":"C\u00f3mo Funciona - Agritek Sustainable Solutions","description":"C\u00f3mo Funciona: El proceso comienza con bacterias espec\u00edficamente seleccionadas que han sido aisladas de suelos altamente f\u00e9rtiles.","robots":{"index":"index","follow":"follow","max-snippet":"max-snippet:-1","max-image-preview":"max-image-preview:large","max-video-preview":"max-video-preview:-1"},"canonical":"http:\/\/agritek.co.nz\/spanish\/como-funciona\/","og_locale":"en_US","og_type":"article","og_title":"C\u00f3mo Funciona - Agritek Sustainable Solutions","og_description":"C\u00f3mo Funciona: El proceso comienza con bacterias espec\u00edficamente seleccionadas que han sido aisladas de suelos altamente f\u00e9rtiles.","og_url":"http:\/\/agritek.co.nz\/spanish\/como-funciona\/","og_site_name":"Agritek","article_publisher":"https:\/\/www.facebook.com\/agriteknz\/","article_modified_time":"2022-11-18T11:56:17+00:00","og_image":[{"width":1024,"height":437,"url":"http:\/\/agritek.co.nz\/spanish\/wp-content\/uploads\/2017\/12\/Rice_image2-1024x437.png","type":"image\/png"}],"twitter_card":"summary_large_image","twitter_misc":{"Est. reading time":"2 minutes"},"schema":{"@context":"https:\/\/schema.org","@graph":[{"@type":"WebPage","@id":"http:\/\/agritek.co.nz\/spanish\/como-funciona\/","url":"http:\/\/agritek.co.nz\/spanish\/como-funciona\/","name":"C\u00f3mo Funciona - Agritek Sustainable Solutions","isPartOf":{"@id":"https:\/\/agritek.co.nz\/spanish\/#website"},"primaryImageOfPage":{"@id":"http:\/\/agritek.co.nz\/spanish\/como-funciona\/#primaryimage"},"image":{"@id":"http:\/\/agritek.co.nz\/spanish\/como-funciona\/#primaryimage"},"thumbnailUrl":"http:\/\/agritek.co.nz\/spanish\/wp-content\/uploads\/2017\/12\/Rice_image2.png","datePublished":"2017-12-22T22:47:40+00:00","dateModified":"2022-11-18T11:56:17+00:00","description":"C\u00f3mo Funciona: El proceso comienza con bacterias espec\u00edficamente seleccionadas que han sido aisladas de suelos altamente f\u00e9rtiles.","breadcrumb":{"@id":"http:\/\/agritek.co.nz\/spanish\/como-funciona\/#breadcrumb"},"inLanguage":"en-US","potentialAction":[{"@type":"ReadAction","target":["http:\/\/agritek.co.nz\/spanish\/como-funciona\/"]}]},{"@type":"ImageObject","inLanguage":"en-US","@id":"http:\/\/agritek.co.nz\/spanish\/como-funciona\/#primaryimage","url":"http:\/\/agritek.co.nz\/spanish\/wp-content\/uploads\/2017\/12\/Rice_image2.png","contentUrl":"http:\/\/agritek.co.nz\/spanish\/wp-content\/uploads\/2017\/12\/Rice_image2.png","width":1920,"height":820,"caption":"C\u00f3mo Funciona"},{"@type":"BreadcrumbList","@id":"http:\/\/agritek.co.nz\/spanish\/como-funciona\/#breadcrumb","itemListElement":[{"@type":"ListItem","position":1,"name":"Home","item":"https:\/\/agritek.co.nz\/spanish\/"},{"@type":"ListItem","position":2,"name":"C\u00f3mo Funciona"}]},{"@type":"WebSite","@id":"https:\/\/agritek.co.nz\/spanish\/#website","url":"https:\/\/agritek.co.nz\/spanish\/","name":"Agritek","description":"Soluciones Sostenibles","publisher":{"@id":"https:\/\/agritek.co.nz\/spanish\/#organization"},"potentialAction":[{"@type":"SearchAction","target":{"@type":"EntryPoint","urlTemplate":"https:\/\/agritek.co.nz\/spanish\/?s={search_term_string}"},"query-input":{"@type":"PropertyValueSpecification","valueRequired":true,"valueName":"search_term_string"}}],"inLanguage":"en-US"},{"@type":"Organization","@id":"https:\/\/agritek.co.nz\/spanish\/#organization","name":"Agritek","url":"https:\/\/agritek.co.nz\/spanish\/","logo":{"@type":"ImageObject","inLanguage":"en-US","@id":"https:\/\/agritek.co.nz\/spanish\/#\/schema\/logo\/image\/","url":"https:\/\/agritek.co.nz\/spanish\/wp-content\/uploads\/2017\/12\/logo-1.png","contentUrl":"https:\/\/agritek.co.nz\/spanish\/wp-content\/uploads\/2017\/12\/logo-1.png","width":317,"height":115,"caption":"Agritek"},"image":{"@id":"https:\/\/agritek.co.nz\/spanish\/#\/schema\/logo\/image\/"},"sameAs":["https:\/\/www.facebook.com\/agriteknz\/"]}]}},"_links":{"self":[{"href":"http:\/\/agritek.co.nz\/spanish\/wp-json\/wp\/v2\/pages\/1279","targetHints":{"allow":["GET"]}}],"collection":[{"href":"http:\/\/agritek.co.nz\/spanish\/wp-json\/wp\/v2\/pages"}],"about":[{"href":"http:\/\/agritek.co.nz\/spanish\/wp-json\/wp\/v2\/types\/page"}],"author":[{"embeddable":true,"href":"http:\/\/agritek.co.nz\/spanish\/wp-json\/wp\/v2\/users\/1"}],"replies":[{"embeddable":true,"href":"http:\/\/agritek.co.nz\/spanish\/wp-json\/wp\/v2\/comments?post=1279"}],"version-history":[{"count":2,"href":"http:\/\/agritek.co.nz\/spanish\/wp-json\/wp\/v2\/pages\/1279\/revisions"}],"predecessor-version":[{"id":2336,"href":"http:\/\/agritek.co.nz\/spanish\/wp-json\/wp\/v2\/pages\/1279\/revisions\/2336"}],"wp:featuredmedia":[{"embeddable":true,"href":"http:\/\/agritek.co.nz\/spanish\/wp-json\/wp\/v2\/media\/1458"}],"wp:attachment":[{"href":"http:\/\/agritek.co.nz\/spanish\/wp-json\/wp\/v2\/media?parent=1279"}],"curies":[{"name":"wp","href":"https:\/\/api.w.org\/{rel}","templated":true}]}}